2*v. Suppose -77 - 37 = -3*y. What is the remainder when d is divided by y?
35
Let i = 4 - -1. Suppose 5*m = 4*t - t + 23, 0 = 3*m - i*t - 17. Suppose -16 = -4*q, -m*h = -3*q + q - 320. What is the remainder when h is divided by 28?
26
Let z = 21 + -30. Let f be 2*(-2)/6*z. Calculate the remainder when 74 is divided by 2*(51/f - -1).
17
Let u(i) = -i**2 + 23*i - 123. What is the remainder when 132 is divided by u(13)?
6
Suppose 0*q - 3*q - 5*p + 14 = 0, 5*q - 19 = -4*p. Let x = -19 + 26. Calculate the remainder when x is divided by q/((-13)/(-5) + -2).
2
Let l(w) be the second derivative of w**4/6 + 10*w**3/3 + 4*w**2 - 12*w. Calculate the remainder when 22 is divided by l(-10).
6
Suppose -3*z + 3*m = -210, -8*m + 120 = 2*z - 5*m. Calculate the remainder when z is divided by 13.
1
Suppose -257 = -5*z + 83. Let k = 403 - 379. What is the remainder when z is divided by k?
20
Let o(t) = -t**2 - 4*t + 5. Let g(b) = -5*b - 2. Let z be g(-1). Calculate the remainder when o(-4) is divided by z/1*2/3.
1
Suppose 2*h + 9 = 21. Let i be 15*(14/h - 2). Suppose -5 = i*r - 355. Calculate the remainder when r is divided by 24.
22
Calculate the remainder when 9 - (-2)/((-10)/(-605)) is divided by 36.
22
Suppose 11*z = -7*z + 234. Suppose -z*i - 490 = -20*i. Calculate the remainder when i is divided by 18.
16
Let t(g) = -g + 1. Let m(n) = -n**3 + 11*n**2 - 10*n - 1. Let x be m(10). Let i be t(x). What is the remainder when 48 is divided by (i/(-5))/((-1)/25)?
8
Let m = 24 + -25. Let p be (m - 0)*(-104 + -23). Calculate the remainder when 98 is divided by p/5 + (-10)/25.
23
Let v(s) be the second derivative of s**4/12 + s**3/6 - 7*s**2/2 + 7*s. Suppose -a + w = a - 20, -20 = 5*w. What is the remainder when a is divided by v(3)?
3
Let p(f) = -2*f**2 + 29*f - 26. What is the remainder when 36 is divided by p(13)?
10
Let y = -45 - -48. Suppose y*l = -5*v + 2*v + 150, -4*v = -3*l - 179. What is the remainder when 186 is divided by v?
45
Let o = -3 + 16. Suppose -5*w + 15 = -p, 5*p = -0*w - w + 3. Suppose -w*m + 3*f = 2*m - 253, 153 = 3*m - 3*f. What is the remainder when m is divided by o?
11
Let i = -122 + 184. Let f = i - 24. Calculate the remainder when 72 is divided by f.
34
Let r(m) = 3*m**2 - 5. Let k be r(-9). Let p be ((-68)/10)/((-4)/100). Let g = k - p. What is the remainder when g is divided by 14?
12
What is the remainder when 1/((-71)/462 - (-1)/6) is divided by 23?
8
Suppose -10*v = -3*v - 42. Suppose -45 = -6*x + 3*x. Suppose h = 2, -4*p + 3*p - 2*h = -x. What is the remainder when p is divided by v?
5
Let a = -16 + 25. Let b(h) = -3*h + 9. Let c(o) = -6*o + 19. Let p(q) = -9*b(q) + 4*c(q). What is the remainder when p(7) is divided by a?
7
Suppose 4*h - 38 = 74. Calculate the remainder when 27 is divided by 7*(0 + 24/h).
3
Let t = 10 + -17. Let m = 7 + t. Suppose m*c = c - 10. What is the remainder when c is divided by 6?
4
Let j = 2908 + -2897. Let w = 93 - 51. What is the remainder when w is divided by j?
9
Let w(f) = f**3 - f**2 - f. Let o be w(2). Suppose 3*l - 2*l = o. Calculate the remainder when 4 is divided by l.
0
Let d = -31 + -218. Let q = -158 - d. What is the remainder when q is divided by 23?
22
Let f = -1132 - -1507. What is the remainder when f is divided by 94?
93
Suppose -70*t + 62*t = -200. What is the remainder when 124 is divided by t?
24
Let b(p) = -2*p**3 - 16*p**2 - 4*p - 17. Calculate the remainder when b(-9) is divided by 14.
13
Suppose -4*y - m - 1 = -14, -4*m = -y + 16. Suppose -s + 18 = -y*s. Let r = 8 + s. What is the remainder when 4 is divided by r?
0
Suppose 0 = -3*u - 0 + 12. Suppose j + 3*j - 40 = -4*i, 3*i = u*j + 2. What is the remainder when 13 - ((-3)/12 - 45/(-20)) is divided by i?
5
What is the remainder when 447 is divided by -45*(192/(-36))/8?
27
Let d = -6 - -14. Let g(n) = 4*n - 5*n + 8 + 2*n. What is the remainder when 45 is divided by g(d)?
13
Suppose 5*l = -6*n + n + 135, 0 = n + 5*l - 23. Calculate the remainder when n is divided by 11.
6
Let j = 1349 - 1292. What is the remainder when j is divided by (-5)/(-2)*(-2 - -8)?
12
Let v(g) = -g**3 - 5*g**2 - 2*g - 9. Let n be v(-6). Suppose -4*m = -21 - n. Calculate the remainder when m is divided by 6.
3
Let w = 14 + -12. Suppose r + 6 = -w*r. What is the remainder when 1 is divided by (-1)/(-3 - r) - 0?
0
Suppose -4*m + 15 = -2*w - 135, m + 3*w - 41 = 0. Suppose z - 1 + 71 = 5*v, -v - 2*z = -14. Calculate the remainder when m is divided by v.
10
Let b(v) = -v**3 + 9*v**2 + v + 3. Let q be b(9). Suppose 5*p - q = 8. Suppose p*r = 2*r + 26. Calculate the remainder when 25 is divided by r.
12
Let t be 1*(-3 - (-104)/(-2)). Let x = t - -59. What is the remainder when x is divided by 4?
0
Suppose 3*p + 5*r = 5*p + 19, 51 = -4*p - 3*r. What is the remainder when 8*(154/24 - (-8)/p) is divided by 12?
10
Let n = -12 + 8. What is the remainder when 34 is divided by n/(-1) + (-16)/(-2)?
10
Let w(l) be the first derivative of -79*l**3/3 - l**2/2 - 1. Let u be w(-1). Let p = -55 - u. What is the remainder when 45 is divided by p?
22
Let b = 484 + -475. What is the remainder when 170 is divided by b?
8
Let r(s) = -s**2 - 14*s - 9. Let p be r(-9). Suppose -2*t + 2*b = -0*t - p, t + 3*b - 30 = 0. What is the remainder when t is divided by 6?
3
What is the remainder when 606 is divided by ((-6)/1)/((-12)/128*2)?
30
Let m(o) = -3*o + 5. Let g(f) = 2*f - 4. Let t(n) = 2*g(n) + 3*m(n). Calculate the remainder when 64 is divided by t(-2).
13
Suppose 5*p - 3*k - 435 = -0*k, 5*k - 261 = -3*p. What is the remainder when p is divided by 18?
15
Let x = 1364 - 240. Calculate the remainder when x is divided by 15.
14
Let j(g) = 2*g + 25 - g - g - g. Let v be j(0). Let k = v + 1. What is the remainder when k is divided by 7?
5
Let g = 12 + 2. Let r = 550 - 453. Calculate the remainder when r is divided by g.
13
Suppose -5*z - 5 + 15 = 0. Suppose -205 = -z*o + 41. Calculate the remainder when o is divided by 25.
23
Suppose 0 = 4*i - 54 - 2. Let m(k) = -k - 10. Let d be m(-10). Suppose d = a - 2*a + 26. What is the remainder when a is divided by i?
12
Let g(j) = -2*j**2 + 12*j + 7. Let p(z) = -z**3 - 7*z**2 + 6. Let r be p(-7). Calculate the remainder when 13 is divided by g(r).
6
Suppose 5*m + 2*a = 6*a + 145, 4*a = 0. Calculate the remainder when 108 is divided by m.
21
Let k(q) = 11*q - 99. Calculate the remainder when k(14) is divided by 4.
3
Let b = -188 + 314. What is the remainder when b is divided by 33?
27
Suppose -20*q - 14 = -2614. What is the remainder when q is divided by 12?
10
Suppose 0 = -9*n + 22*n + 52. Let i(f) be the first derivative of f**3/3 + f**2 - 3*f + 2. Calculate the remainder when 18 is divided by i(n).
3
Let t be ((-1)/(-3))/(3/18). Let c be (-85)/(-20) - t/8. Suppose c*d = -2*o + 10, d + 6 - 22 = -5*o. Calculate the remainder when 9 is divided by o.
0
Let l = 129 - 75. Let h be 4*(798/8)/(-7). Let j = -29 - h. What is the remainder when l is divided by j?
26
Let u(z) = z. Let i be u(3). Suppose b - 2*s - 23 = 0, i*b - 36 = -2*s - 3*s. Suppose 0 = -29*y + 837 + 62. Calculate the remainder when y is divided by b.
14
Let w(v) = -3*v + 5. Let a be w(4). Let b(f) = -f**3 - 7*f**2 - f + 2. Let t = 2292 - 2288. Calculate the remainder when b(a) is divided by t.
1
Calculate the remainder when (-98)/(2/(-4)*2) is divided by 31.
5
Let n = -5 - -8. Suppose 0 = n*u - 46 + 13. Let h(a) = a**3 + 46*a**2 + 44*a - 14. Calculate the remainder when h(-45) is divided by u.
9
Suppose -220 = 2*d - 22*d. Let a(p) = -p**2 + 3*p. Let m be a(3). Let f = 3 - m. Calculate the remainder when d is divided by f.
2
Suppose 58*m = -15*m + 1679. Let w = -12 - -25. What is the remainder when m is divided by w?
10
Suppose 86 - 56 = 3*h. Suppose 0 = -2*m + m + 15. Calculate the remainder when 105/42*168/h is divided by m.
12
Let c(n) = n**3 + 5*n**2 + n + 2. Let f be c(-3). Suppose 0 = -3*k + f + 4. Suppose 5*h + k - 52 = 0. What is the remainder when h is divided by 3?
0
Let c be (-10)/55 + (-970)/(-11). Suppose -c - 64 = -8*y. Calculate the remainder when 112 is divided by y.
17
What is the remainder when 94 is divided by 2 - (-3 - (-55)/15*-6)?
13
Let o = 7 - 7. Suppose 5*b - 47 - 108 = o. Calculate the remainder when b is divided by 7.
3
Let s = -25 + 46. Calculate the remainder w